factor of 8 and j?
1
Suppose -28*a - 60312 = -5*y - 32*a, 0 = -5*y + 5*a + 60285. What is the greatest common divisor of 180 and y?
180
Suppose -1352 = -2*k - 640. Let x = -342 + k. What is the highest common factor of x and 378?
14
Suppose 8069 + 2077 = 267*a. What is the greatest common divisor of 2717 and a?
19
Let v = 12329 - 12271. What is the highest common factor of v and 2146?
58
Let d(b) = 3*b**2 + 5*b + 5. Let j be d(-5). Suppose -5*q + 4*g + 12291 = 12302, -4*q + 56 = 4*g. Calculate the greatest common divisor of j and q.
5
Let v(m) = m + 11. Let q(c) = c - 2. Let i be q(2). Suppose w - 3 - 11 = i. Let n be v(w). Calculate the highest common factor of n and 10.
5
Let w = -337 + 342. Let v be -75*21/(-36)*(w + -1). Calculate the greatest common factor of v and 21.
7
Let h be (208*(-7)/(-448))/((-3)/(-324)). Let z(n) = 2*n - 3. Let s be z(2). Let v be (s + -83)/(-2) + -2. Calculate the greatest common divisor of h and v.
39
Let x = 5860 + -5360. What is the greatest common factor of 300 and x?
100
Suppose 27*v - 34*v = 952. Let d = v - -139. Let g be d*(4 + 1)*1/5. Calculate the highest common divisor of g and 33.
3
Suppose 3*q + 54 = 3*c, -30*c = -35*c - 5*q + 60. Calculate the highest common divisor of c and 115.
5
Let y = 467 - 482. Let w be (-160)/(y/((-315)/(-14))). Calculate the greatest common divisor of w and 90.
30
Let h be (-9)/108 + (-794)/(-24). Calculate the greatest common divisor of h and 5907.
33
Suppose 0 = 5*c - 5*m - 5, 13 = 25*c - 22*c - m. What is the greatest common factor of 1252 and c?
2
Suppose 3*j + 6 = 0, -93*j = 3*b - 98*j - 538. Calculate the greatest common factor of 12452 and b.
44
Let d = -9995 - -17756. What is the highest common factor of 78 and d?
39
Let f(n) = -n**3 - 9*n**2 - 10*n - 12. Let m be f(-8). Suppose m*x = -42 - 38. Let o be (1 + 14/4)*x/(-6). Calculate the highest common factor of o and 30.
15
Let y(g) = -g**3 + 15*g**2 + 29*g + 2. Let v be y(16). Suppose 0 = 19*b - 14*b - v. What is the greatest common factor of 14 and b?
14
Let x(d) = -210*d - 405. Let q be x(-3). What is the highest common divisor of 350 and q?
25
Suppose -45*i - 7 = -52*i. Let v be ((-1)/(i/11))/((-7)/63). Calculate the greatest common factor of v and 11.
11
Suppose 5*t - i - 98 = 3*t, 3*i = -4*t + 226. Calculate the highest common divisor of t and 108.
4
Let h = 42 + -38. Let f be 27*(40/48 + (-2)/h). Suppose -f*i + 2 + 16 = 0. Calculate the highest common divisor of i and 16.
2
Suppose -3*g = 3*t - 1194, -3*g - 5*t - 367 = -1565. What is the highest common divisor of 22 and g?
22
Let s be (-44)/((-1496)/(-1785))*8/10*-1. What is the greatest common divisor of 1554 and s?
42
Let v(f) = -87*f + 1018. Let w be v(11). What is the greatest common factor of 61 and w?
61
Suppose 4 = 2*z - 10. Suppose 17*d = -5*b + 12*d + 5, -b = 5*d + 19. Let k be (-3)/6*-1*b. What is the greatest common divisor of z and k?
1
Let y(h) = -11*h + 168. Let a be y(-6). Suppose -2*x + a = 2*p, 12*p - 11*p = x + 123. What is the greatest common divisor of 160 and p?
40
Let y be 101/(1717/(-1020))*(-1 + 0). What is the greatest common factor of y and 2778?
6
Let f be (15/45)/((-4)/229704*-2). Calculate the highest common factor of f and 34.
17
Let v be 4 + 832/(-6) + 8/(-6). Let d = v - -268. Let t(q) = -5*q + 2. Let a be t(-2). What is the greatest common divisor of a and d?
12
Suppose -17*p + 807 + 451 = 0. What is the greatest common factor of p and 14282?
74
Let d be -4 - (8 - 15/((-135)/(-342))). What is the greatest common factor of d and 2743?
13
Let c be 3/2*68/6. Suppose 0 = -2*m + c - 13. Suppose 5*z - 12 = m*z. Calculate the greatest common divisor of 20 and z.
4
Suppose 188 = y - 4*x - 0*x, 5*x - 840 = -5*y. Let w = y - 169. Suppose -4 + 13 = 3*g. Calculate the greatest common divisor of w and g.
3
Let s(y) = y**2 + 35*y + 575. Let p be s(-35). Let h be 1/(-2 + (-102)/(-50)). What is the highest common divisor of h and p?
25
Suppose -30 = -41*g + 36*g. Let q(c) = c**2 - 10*c + 21. Let v be q(g). Let x(b) = -42*b + 10. Let i be x(v). Calculate the greatest common divisor of i and 8.
8
Suppose -806*c + 805*c + 4 = 2. Suppose -11*v = -14*v + 282. Calculate the greatest common factor of v and c.
2
Suppose 6*u + 4*s - 8*s - 1182 = 0, 2*u - 394 = -3*s. Suppose u*t + 126 = 204*t. Calculate the greatest common divisor of 42 and t.
6
Let c be (-1 + 1)/(12 + -14). Suppose 4*w - 5 = -3*f, 2*f + c*w = 2*w - 6. Let z be (1*-6 - f)/(25/(-175)). Calculate the highest common factor of 350 and z.
35
Let j(f) = 35*f**2 + 6*f - 8. Let w be j(2). Calculate the greatest common divisor of w and 3600.
144
Let i = -61461 + 61801. Suppose 80 = 3*a - a. What is the greatest common divisor of i and a?
20
Let g(y) = y**3 + 37*y**2 + 70*y - 189. Let k be g(-34). What is the highest common factor of k and 93?
31
Let q(b) = -b**3 - 19*b**2 - 65*b - 54. Let h be q(-15). Suppose 15 = 3*l, -5*i - 3*l + 185 = 5. Calculate the highest common divisor of i and h.
3
Let z(r) = r**2 - 47*r + 126. Let d be z(45). Calculate the highest common factor of 228 and d.
12
Let l be -1 + 1*(-1 + 1060). Suppose -4271 - 4082 + 2773 = -625*n + 8795. Calculate the greatest common factor of l and n.
23
Suppose -10*b - 89 = -f - 12*b, -4*f = -2*b - 346. What is the highest common factor of 783 and f?
87
Let q = 80 + 31. Let m = 410 - q. What is the greatest common divisor of 92 and m?
23
Suppose 3*z - 7*z + 208 = -20*q, 2*z = -3*q + 52. What is the highest common divisor of 8464 and z?
16
Suppose 0 = -49*w - 2299 + 19841. Let d = w + 342. Calculate the greatest common factor of d and 100.
100
Let u = 1693 - 803. Let a = -610 + u. Calculate the greatest common divisor of 70 and a.
70
Let m be (-5)/20 - 3/(-6) - 1752/(-32). What is the highest common factor of 836 and m?
11
Let p be -2 - (6/4)/(8/(-16)). Let j be (-198)/((-23 - -24)/(p/(-2))). What is the greatest common divisor of j and 11?
11
Let n(x) = 1166*x**2 - 151*x + 580. Let j be n(4). Calculate the highest common divisor of j and 137.
137
Suppose -3*z - 15 = 0, -4*z = 7*w - 2*w + 10. Suppose -2*a = d - w*d + 88, 248 = 3*d - 2*a. Calculate the highest common factor of 48 and d.
16
Let f be (140456/(-19))/(-4) - 18/171. What is the greatest common divisor of f and 756?
84
Let q be 133 - (-2 - (-2)/1). Let t = -24147 - -24166. What is the highest common divisor of q and t?
19
Let f(s) = -37*s + 18. Let l be f(0). Let r = -300 + 538. Suppose r + 2 = 5*g. Calculate the greatest common divisor of l and g.
6
Suppose -112*a + 4*w = -116*a + 1792, 3656 = 8*a - w. What is the greatest common factor of a and 361?
19
Suppose -2*l + 4*h = -34, -5*l + 4*l - 3*h + 2 = 0. Let m = l + 5. Let c be 38/4 + m/32. Calculate the highest common divisor of 15 and c.
5
Let v be (3 - (3 - 3)) + 367. Suppose 5*x + 7*j = 9*j + 56, 40 = x - 10*j. Calculate the greatest common divisor of x and v.
10
Let n = 14156 + -4518. Calculate the greatest common divisor of n and 79.
79
Let l = 367 - 364. Let c(o) = 3*o. Let m be c(1). Let t be 1*(2 - m)*-129 + l. What is the greatest common factor of 12 and t?
12
Suppose 3 = -q + 24. Let z be (-22)/(-5)*10/6*q. Calculate the highest common factor of 22 and z.
22
Suppose -10*o - 200 = -6*o. Let f be (-2)/(-4)*-1*2 + o. Let v = f + 53. What is the highest common factor of 1 and v?
1
Let w(p) = 50*p**3 - 2*p**2 + 13*p - 52. Let n be w(4). Calculate the highest common divisor of 33 and n.
33
Suppose -2*z = -z + 23. Let j = -2 - z. Suppose -48*v + 16 = -44*v + 2*f, -7*f - 7 = 5*v. What is the greatest common factor of j and v?
7
Suppose -66*p + 537 + 5073 = 0. Calculate the highest common divisor of 85 and p.
85
Suppose 32*q + 786 = -42*q + 80*q. What is the highest common divisor of 2 and q?
1
Suppose 336*p - 66 = 330*p. Suppose 5*f + 2*n = 3*n + 493, -2*f + 190 = -4*n. Calculate the greatest common factor of p and f.
11
Let a = 361 - 276. Let c = a - -13. Calculate the highest common factor of c and 245.
49
Let v = 36665 - 11513. What is the greatest common factor of 12 and v?
12
Let f = -25379 - -25511. What is the greatest common factor of f and 3996?
12
Let c = 79 + -64. Suppose -1920 = c*t - 25*t. Calculate the greatest common divisor of 48 and t.
48
Let u be (4/2)/((-2)/(-4)). Suppose 4*p - u*g - 64 = 0, 5*g = -p +